Let n be g(9). Let y = n - -26. Let l(h) = -h**3 - 5*h**2 - 5*h - 4. What is l(y)?
-7
Let r(x) = 3*x**3 - 55*x**2 - 36*x - 40. Let j be r(19). Let y(b) = -2*b**2 - 2*b - 1. Give y(j).
-5
Let s be (6/(-4))/((-132)/352). Let m(o) be the third derivative of 0 + 0*o + o**2 + 1/6*o**3 + 1/24*o**4. Determine m(s).
5
Let b(g) = -5*g + 3. Let c(m) = 11*m - 17. Let i(q) = -4*b(q) - 2*c(q). What is i(13)?
-4
Let i = -217 + 220. Let y(k) be the third derivative of 0*k + 0 - 1/8*k**4 + 0*k**i - 3*k**2. Calculate y(2).
-6
Let r(z) = -5*z + 0 - 15*z - 2. Determine r(2).
-42
Let t(w) = 4*w + 16. Let k(r) = 4*r + 17. Let q(u) = -4*k(u) + 3*t(u). Determine q(-6).
4
Let r(n) = 28*n - 18*n - 11*n - 4. Determine r(-8).
4
Let s(m) be the second derivative of -m**4/12 - 2*m**3 + 13*m**2 - 119*m. Calculate s(-14).
-2
Let q(l) = l**3 - 10*l**2 - l + 11. Let d be q(10). Let j be 4*-1*d/(-2). Let m(h) = -h**3 + 3*h**2 - 2*h + 2. What is m(j)?
2
Let c be -12*1*(-1)/(-12)*-3. Let t(y) = -9*y**3 + c - 148*y**2 + 1 - 2*y - 5 + 146*y**2. Determine t(-1).
8
Let l(h) be the first derivative of h**4/4 + 7*h**3/3 - 5*h**2/2 + 16*h + 166. What is l(-8)?
-8
Suppose 10*u - 5*u - 25 = 0. Let n(w) = -47*w + 83. Let p(q) = -7*q + 12. Let k(l) = 3*n(l) - 20*p(l). Determine k(u).
4
Let j(v) be the third derivative of v**5/60 + 5*v**4/24 + v**3/2 - 2*v**2 + 4. Let w(t) = -6*t. Let n be w(1). Calculate j(n).
9
Let s(q) = q**3 + 9*q**2 - q + 13. Suppose -1 = -k, 10*l + 2*k = 7*l - 25. Give s(l).
22
Let r(c) = -5*c + 3. Let i(z) = 11*z - 6. Let u(x) = 4*i(x) + 9*r(x). What is u(-2)?
5
Let x(c) be the second derivative of 27*c + 1/2*c**2 - 1/6*c**3 + 0. What is x(4)?
-3
Let h(w) = -w**2 + w + 12. Let a(b) = -2. Let n(r) = -6*a(r) - h(r). Determine n(-2).
6
Let v(n) = -2 + 3 + 3*n + 12*n**2 + n**3 - 8*n**2. Suppose -2*m = 10 - 6. Let s be ((-3)/2)/(m/(-4)). Give v(s).
1
Let h(i) = 2*i + 2026*i**2 + i**3 - 2 - 1010*i**2 - 1011*i**2. Let o be ((-1)/(-3))/((-2)/(-42)). Suppose o*a = 2*a - 20. Determine h(a).
6
Let n(a) = -1. Suppose -4*g - 12 = -2*g. Let q(o) = 9*o + 9. Let w(d) = g*n(d) - q(d). Suppose 3*c + 9 - 14 = -5*y, -4*y - 5*c = -17. Determine w(y).
15
Let d(o) be the third derivative of 10*o**2 - 1/3*o**4 + 0*o + 1/60*o**5 + 0 + 3/2*o**3. Let b be (1 - -5) + (-1 - -1). Calculate d(b).
-3
Let l(s) = 1 - 31 - s + 20. Determine l(-5).
-5
Let o(d) = -6*d - 2*d + 4*d + 1. Suppose -y + 289 = -4*a - 2*y, -2*y - 359 = 5*a. Let x = a - -74. Determine o(x).
-3
Let q(n) = 2*n**2 - 23*n - 4. Let m(c) = c**2 - 10*c - 2. Let j(p) = 5*m(p) - 3*q(p). Give j(19).
2
Let r = 14 - 13. Let m(y) = -2*y + r - 4 + 5 + 0. Suppose -3*i - 12 - 5 = -5*h, -2*h = 2*i + 6. Calculate m(i).
10
Let q = -16 - -18. Let g(o) = -5*o**3 - 3*o**2 + 4*o + 4. Let u(j) = -4*j**3 - 3*j**2 + 4*j + 3. Let m(x) = -5*g(x) + 6*u(x). Calculate m(q).
2
Let b(k) = -2*k + 11. Let g(w) = -4*w + 20. Let y(f) = -5*b(f) + 3*g(f). Give y(4).
-3
Let i(w) be the first derivative of -w**4/4 - 7*w**3/3 - 3*w**2 + 3*w + 28. Determine i(-6).
3
Let c(n) be the second derivative of n**5/60 - n**4/8 - 2*n**3/3 + 13*n**2 + 19*n + 2. Let g(r) be the first derivative of c(r). Calculate g(-4).
24
Let o(z) = z + 6. Let y(l) = 3*l + 16. Let c(h) = -8*o(h) + 3*y(h). Calculate c(7).
7
Let q(t) be the first derivative of -1/3*t**3 + 3 + 7*t + 5/2*t**2. Give q(6).
1
Suppose -8*t = 3*t - 66. Let m be (0 - 1) + -2*(-9)/t. Let a(v) = v**3 + 3*v - 2*v**2 + 0*v - v. Determine a(m).
4
Let v(t) be the first derivative of 2*t**2 + 85*t + 892. Calculate v(-23).
-7
Let h = 46 - -84. Let c = -130 + h. Let i(g) = -g**3 - g + 8. What is i(c)?
8
Suppose 10*l = 11*l + 9. Let r(t) = t**2 + 9*t - 4. Determine r(l).
-4
Let q be (1/4)/((-53)/212). Let n(u) = 16*u. Give n(q).
-16
Let r = 95 - 101. Let m(c) = -5*c**2 + 14 + 3*c + 4*c - 5 - c**3. Give m(r).
3
Suppose 20 = -2*p - 5*t, 0*t + 3*t = -2*p - 12. Let f = 1 - p. Let g(w) = -2*w + 7*w - 10*w. Determine g(f).
-5
Let j(s) be the second derivative of s**4/12 - 3*s**3/2 + 5*s**2 + 175*s. Let v = 24 + -16. Determine j(v).
2
Let h(z) be the third derivative of 0 - 1/8*z**4 + 0*z - 1/60*z**5 - 2/3*z**3 + 5*z**2. Give h(-3).
-4
Let g be 33/22*(-4)/(-6). Let m(u) be the first derivative of 0*u - 3 + 3/4*u**4 + 0*u**3 + 0*u**2. What is m(g)?
3
Let n(b) = 2*b**3 - 2*b**2 + b. Suppose -3*u - c = 35, -2*c + 40 = -6*u + 2*u. Let w = -6 - u. Suppose -5*f - 4*q + 26 = 0, -4*f + q + w - 1 = 0. What is n(f)?
10
Let z be (7 + -6)/(1/(-4)). Let s = 1 - z. Suppose 0 = w + s*c + 17, -2*c + 6*c + 20 = -4*w. Let d(n) = n**3 + n - 2. Determine d(w).
-12
Let a(h) be the third derivative of 0*h - 2/3*h**3 + 0*h**4 + 1/120*h**6 - 16*h**2 + 0 + 1/60*h**5. Determine a(0).
-4
Let u(m) = 3*m + m - 11 - 2*m - m. What is u(0)?
-11
Suppose y + 3*y - 22 = -5*s, -s + 3*y = -12. Let x be (s - (3 - 1)) + -9. Let t(w) = -w**2 - 4*w - 1. Determine t(x).
-6
Let n(j) be the third derivative of -j**8/20160 - j**7/630 + 7*j**5/30 - 6*j**2. Let t(b) be the third derivative of n(b). Calculate t(-6).
12
Let z(w) be the second derivative of w**3/6 - 6*w**2 + 19*w - 1. Determine z(-9).
-21
Let s(n) be the third derivative of n**5/60 - n**4/8 - n**3/2 - 852*n**2. What is s(-1)?
1
Suppose -d = 5*m - 2*d - 40, 5*m + 2*d - 40 = 0. Let r(i) be the first derivative of -1 - 1/3*i**3 + 2*i + 4*i**2. Calculate r(m).
2
Let y be (-1)/(7/(-14) - 0). Let m(o) = -5*o + 3. Determine m(y).
-7
Let y = 8 + -5. Let u(d) = 4 - 6*d**2 + 4*d**2 + 563*d**3 - 562*d**3. Calculate u(y).
13
Let f(s) be the third derivative of 1/2*s**3 + 1/30*s**5 + 0*s + 5/24*s**4 + 1/120*s**6 + 0 - 21*s**2. Determine f(-3).
-21
Let w(x) be the first derivative of -x**2/2 + 3*x - 971. Let b = 9 - 5. Calculate w(b).
-1
Suppose -2*f - 3*m - 399 = 0, -5*f + 4*m = -0*f + 940. Let j = -187 - f. Let q(c) = -c + 0*c - 4*c + 3 + c**2. Calculate q(j).
3
Let m(q) = 2*q + 1. Suppose 0 = 267*g - 272*g + 25. Determine m(g).
11
Let p(d) = -d - 2. Let s be p(-4). Let a(x) = -x + s + 2 - 3. Let f(z) = z**3 - 7*z**2 - 28*z - 18. Let l be f(10). Give a(l).
-1
Let m(d) = 3*d**2 - 6*d + 4. Let b(c) be the second derivative of 13/6*c**3 - 1/2*c**4 + 0 - 4*c - 9/2*c**2. Let n(p) = -2*b(p) - 5*m(p). Give n(2).
-6
Let j(o) = o**2 - 10*o + 4. Let l(d) = -d**2 - 11*d - 21. Let m be l(-5). What is j(m)?
-5
Suppose 0 = -4*t - 4*m + 3*m - 6, 2*t - 6 = 4*m. Let z be (-300)/(-30) - -2*(t + -1). Let y(h) be the first derivative of -h**4/4 + 2*h**3 - 2*h - 1. Give y(z).
-2
Let l(f) = -f**3 - 7*f**2 - 6*f - 4. Let w be (-5*2/30)/((-2)/(-24)). Determine l(w).
-28
Let j(b) = b**3 + b - 3. Let v(z) be the second derivative of z**3/3 - z**2/2 + 12*z. Let r be v(2). Suppose 5*a + 10 = 5*q, -2*a + a = r*q + 2. What is j(q)?
-3
Let p(f) = 5*f**2 + 9*f - 4. Let b(i) = 7*i**2 + 12*i - 3. Let u(a) = 2*b(a) - 3*p(a). Determine u(-6).
-12
Let b be -3*2*2/12. Let k(y) be the first derivative of 5 - 1/2*y**2 - 1/3*y**3 + y. Give k(b).
1
Suppose 4*s = u - 20, 5*s + u = -0*u - 34. Let v(h) = h**2 + 5*h + 3. Give v(s).
9
Let b(n) = -n**2 + n + 11. Let f be ((-36)/(-21))/((-2)/(-7)). Suppose 6*z + 6*z - f*z = 0. Calculate b(z).
11
Let r(o) be the first derivative of -1/6*o**3 + 1/30*o**5 - 3/2*o**2 + 0*o + 1/8*o**4 - 7. Let b(x) be the second derivative of r(x). Calculate b(-3).
8
Let x(b) = -8 - 2*b + 8*b + 11 + 2*b**2 - 10*b. Give x(5).
33
Let r(c) = -15*c**2 + 151*c - 6. Let l be r(10). Let j(u) = u**2 - 3*u - 1. Give j(l).
3
Let t(b) = 2 - 6*b**2 - 152*b + b**3 + 143*b - 1. Determine t(7).
-13
Let i(y) = -5*y**3 - y**2 + 3*y - 1. Let z(p) = p**3 + 6*p**2 + 8*p + 50. Let n be z(-6). Give i(n).
-39
Let f = -3086 + 3083. Let d(s) = 4*s**2 + 4*s + 4. Let t(k) = -21*k**2 - 20*k - 20. Let z(j) = 11*d(j) + 2*t(j). Give z(f).
10
Let q(v) = -v**3 + v**2 - 2*v + 3. Let n be q(0). Let p(z) = n + 6 + 0 - 2*z - 3. What is p(5)?
-4
Let k be ((-10)/7)/(32/112). Let r(c) = c**3 + 5*c**2 + 5*c + 7. Give r(k).
-18
Suppose -2 = -11*p + 20. Let m(h) be the second derivative of 0 + 1/3*h**3 - 3*h - 1/2*h**p. Determine m(-4).
-9
Suppose 0*w = 3*w + 3. Suppose 6*c - 5*c - 12 = 0. Let n(i) = -2 - 9 + c + 5*i. What is n(w)?
-4
Let k(v) = -2*v**3 - 2*v**2 - v. Let s(g) = 9*g + 16. Let d be s(-2). Give k(d).
10
Let l(v) = -v**3 + 6*v**2 + v - 2. Let g(t) = t**2 + 5*t + 6. Let n be g(-2